 is the tens digit of f/(-21) - 214/(-14)?
1
Suppose 2*n - 5*i = 10, -4*n + 0*i - i = -20. Let p(o) = 4 + 2 - n*o + 0*o - o**2. What is the units digit of p(-5)?
6
Let a(v) = -v + 8. Let d be a(6). What is the units digit of d + 0*2/(-2)?
2
Suppose -6*q = 156 - 816. What is the units digit of q?
0
What is the units digit of (-8)/10 + 942/15?
2
Suppose -s + 0*s = 0. Let t = s - 3. Let d = 6 + t. What is the units digit of d?
3
Let z be 152/(-12)*3/(-2). Let r = -7 + z. What is the units digit of r?
2
Let d = 2 + -2. Suppose -h + 7 = -d*h. Suppose 5*m - 4*i = 11 + 20, 3*m = -4*i - h. What is the units digit of m?
3
Let p(i) = -i - 1. Let w be p(-4). Suppose w*m - 109 = -4*s, 4*s = 5*m + 5 + 112. What is the tens digit of s?
2
Suppose 0 = 3*k + j - 3*j - 259, -5*k = -2*j - 425. Suppose 5*v = -k + 488. Suppose 0 = -5*w + o + v, -4*w - o + 31 = -32. What is the tens digit of w?
1
Suppose -2*m + 69 = m. What is the tens digit of m?
2
Let f be (-2)/((-3)/(-6) - 1). Suppose -f = -o + 13. What is the units digit of o?
7
Let q(p) = p + 62. Let d be q(0). Suppose 2*m - d = 28. Let w = m - 30. What is the tens digit of w?
1
Let q(a) = 26*a. What is the tens digit of q(2)?
5
Let i(q) = -q**3 - 5*q**2 - 8*q - 12. What is the tens digit of i(-5)?
2
Suppose -5*l + 1 = -4. What is the units digit of 18 + -2 + l + 2?
9
Let l = -11 - -5. Let k be (-3)/(l/8)*4. Let u = k + -7. What is the units digit of u?
9
Suppose -5*g - 12 = -2*i + 2, -5*i - g = -89. What is the tens digit of i?
1
Suppose -20*i + 732 = -16*i. What is the hundreds digit of i?
1
Let p be 38/(-14) + (-14)/49. What is the tens digit of 12/3 - 2*p?
1
Let n(z) = z + 9. What is the units digit of n(23)?
2
Suppose 58 = 4*l - 66. Suppose 5*c + 6 = l. Suppose c*g - 5 = 60. What is the tens digit of g?
1
Suppose 2*j = 2*y + 254, -396 = -3*j + 3*y - 5*y. What is the tens digit of j?
3
Let k = 0 - -5. Suppose -3*w - k = -8*w. What is the units digit of w?
1
Suppose 2*m + 3*m = 4*a - 13, -5*a + 5*m = -15. Let g be -1*a/1 + 46. Suppose -g - 21 = -5*q. What is the units digit of q?
3
Let l be (-1)/(2/(-6)) - 2. Let t = 2 - l. Suppose q - t - 2 = 0. What is the units digit of q?
3
Let j be (-375)/6*24/(-15). Suppose 2*c + 3*c - j = 0. What is the units digit of c?
0
Let z(l) = 3*l**2 - 4*l + 3. Let y be z(2). Let j = 1 + 0. Let i = y - j. What is the units digit of i?
6
Let a(x) = 3*x + 0*x + 8*x - 1. Let f be a(4). Suppose 54 = 4*s + 5*k, -3*s + 6*s + 5*k - f = 0. What is the units digit of s?
1
Suppose 21*r - 24*r + 243 = 0. What is the units digit of r?
1
Suppose 3*k + 2 = 14. What is the units digit of k?
4
What is the hundreds digit of 6/4*(-13)/((-26)/164)?
1
Suppose s - 6 = -2*s. What is the units digit of (1 + 1)/s + 35?
6
Let a = 32 + 87. Suppose -a = -3*d + 106. Suppose 0 = -3*b - 2*b + d. What is the tens digit of b?
1
Let u(s) = -8*s - 16. What is the units digit of u(-7)?
0
Let d = -21 - -35. What is the tens digit of d?
1
Let n = 18 + -12. Let o = n - 4. What is the units digit of o?
2
Let f(n) be the second derivative of -n**3/6 - n**2/2 - 4*n. Suppose 4 + 0 = -o. What is the units digit of f(o)?
3
Let r(s) = 7*s + 3. What is the tens digit of r(2)?
1
Suppose 2*o + u - 1 = 2, 5*u = -4*o + 3. Suppose 5*l + 19 = o*c, 3*l + l = 12. What is the units digit of c?
7
Let s(t) = t**2 + 3. Let f be s(0). Suppose 2*w + 4*j - 30 = 0, 3*w - w - f*j = -5. What is the units digit of w?
5
Suppose 0*z - 2*z = 32. Let x = z + 42. Suppose 3*i = 37 + x. What is the tens digit of i?
2
Let g(h) = -11*h - 3. What is the tens digit of g(-4)?
4
What is the units digit of (-4 + 3 - -2) + 13?
4
Let x = 181 - 119. Suppose -4*p + x = -46. What is the units digit of p?
7
Let b = -1 - -3. Suppose b*c - h = -2*c + 7, -11 = -4*c - 3*h. Suppose p + 7 = m, -c*m - p = -2 + 3. What is the units digit of m?
2
Let r = 0 + 2. Suppose -2 = -c + r*t, 2*c = 7*c + 5*t - 85. Suppose 18 + c = 3*z. What is the units digit of z?
0
Let y = 66 + 204. What is the units digit of y?
0
Let c = -84 - -150. What is the tens digit of c?
6
Let j(v) = -v**2 - 5*v - 4. Let r be j(-5). Let o(h) = h**2 + 6*h + 5. Let w be o(r). Let m(g) = g**2 + g - 2. What is the units digit of m(w)?
4
Let s(v) = -v**2 - v + 1. Let r(f) = 2*f - 2. Let j be r(2). Suppose 3*n = j*n. What is the units digit of s(n)?
1
Let u = -27 + 67. What is the tens digit of u?
4
Let c(w) = 5*w + 34 + 2*w**2 - w**2 - 25. What is the units digit of c(-9)?
5
Suppose -2*l - 27 = -0*l - 5*c, 4*l - 5*c = -39. Let r = l + 6. What is the units digit of (-7)/(-3 - r - -2)?
7
Suppose 35 = 3*t - 148. What is the units digit of t?
1
Let i = -6 - -4. Let m be -2 + -1 + (i - -2). Let j = 7 + m. What is the units digit of j?
4
Suppose b - 7 = -b - 3*t, 0 = b + 5*t - 7. Suppose k = -b*k + 45. Let l = k - 9. What is the units digit of l?
6
Let z = 386 + -265. What is the units digit of z?
1
Let g = 1 - 1. Suppose -i - 2*i + 12 = g. What is the units digit of i?
4
Suppose 0 = -7*d + 389 + 234. What is the tens digit of d?
8
Suppose -620 = 7*l - 12*l. What is the units digit of l?
4
Suppose 2*r = 278 - 30. What is the hundreds digit of r?
1
Let j be (-3 - -2 - 1)*-2. Suppose 0 = -3*r + 28 - j. What is the units digit of r?
8
Let k(s) be the second derivative of -1/6*s**3 + 3*s**2 + s + 0. What is the units digit of k(3)?
3
Let l be 0*(2 - 20/8). Suppose l = 2*y - 4 - 0. What is the units digit of y?
2
Let a(g) = 6*g. Let d(f) = -3*f. Let k(j) = 3*a(j) + 5*d(j). What is the units digit of k(2)?
6
Let x(z) = z**3 + 7*z**2 - z - 7. Let c be x(-7). Let j(l) = -2*l**3. Let y be j(-1). Suppose 0 = -a + y - c. What is the units digit of a?
2
Let o(g) = 10*g**2 + g. What is the tens digit of o(1)?
1
Let j(p) = -p + 3*p - p - 2. Suppose 3*f - 12 = -v, v + v + 21 = 3*f. What is the units digit of j(f)?
3
Let h = 25 - -34. What is the units digit of h?
9
Let t(d) = -d + 5. Let r be 15/(-2)*(-4)/(-6). What is the units digit of t(r)?
0
Let d be (-2)/(-3)*9*6. Suppose -4 = 4*a - d. What is the units digit of a?
8
Suppose i = 6*i. Let c be (i - 5)/(1 - 0). Let q = c - -20. What is the tens digit of q?
1
Let z(q) = 2*q + 1. Suppose -33 = -5*l - 3. What is the units digit of z(l)?
3
Suppose -2*g = -2 + 4. Let a = -1 - 3. What is the units digit of a/(-2 - 0/g)?
2
Let l be (-2 - 6)/((-2)/21). Suppose -4*q - 3*y + l = -4*y, 2*y - 8 = 0. Let m = q + -14. What is the units digit of m?
8
Let h = 6 + -3. Suppose -h*y - 6 = 0, -5*l - 3*y + 8*y + 30 = 0. What is the units digit of l?
4
Suppose 4*i - 604 = -0*n - n, 0 = 5*i - 2*n - 755. What is the units digit of i?
1
Let i be (-2)/4*1*10. Let f(x) = x**3 + 6*x**2 + 3*x + 6. What is the units digit of f(i)?
6
Let i = 6 - 10. Let o be ((-2)/2)/(2/i). Suppose 2*f - o*x = -8, 5*x = 2*f + 2*x + 13. What is the units digit of f?
1
Let a be 2/(((-6)/(-3))/(-2)). Let t(m) = -2*m**3 - m**2 + 2*m + 1. What is the units digit of t(a)?
9
Suppose 20*b + 16 = 96. What is the units digit of b?
4
Let q(s) be the third derivative of s**5/60 + 7*s**4/24 + s**3/3 - s**2. What is the units digit of q(-8)?
0
Let f = 9 + -3. Let w = -2 + f. What is the units digit of w?
4
Suppose m - 10 - 60 = 0. Let r = m - 25. What is the tens digit of r?
4
Let t(n) be the second derivative of n**4/12 + n**3/2 + n**2/2 + 2*n. Let h be t(-4). Let l = -4 + h. What is the units digit of l?
1
Let v(n) = n**3 - n**2 - 3*n - 3. Let q be v(3). What is the tens digit of 33/q*4 - 0?
2
Let f = 114 - 64. What is the tens digit of f?
5
Let a = -7 - -3. Let g be (-8)/(-20) + 6/10. What is the units digit of 7*g + a/(-2)?
9
Let g be (-39)/26*(-10)/3. Suppose g*j - 186 + 16 = 0. What is the units digit of j?
4
Let y(g) = -80*g + 6. What is the tens digit of y(-2)?
6
Suppose 0 = 3*v - 4*m - 23, -2*m = v + 2*m + 19. What is the tens digit of (-2 - (2 - v))*-5?
1
Let f(z) be the second derivative of z**3/6 + z**2 - z. Let c be 1/(-3 - (-76)/24). What is the units digit of f(c)?
8
Let m = 52 - 29. What is the tens digit of m?
2
Suppose -3*h = -2*h - 8. Suppose -9 = -m + h. What is the tens digit of m?
1
Let d(x) = x**2 - 3*x - 3. What is the tens digit of d(6)?
1
Let h = 4 - -2. Let p = 14 + -12. Suppose -m + p*m - h = 0. What is the units digit of m?
6
Let o(a) = a**3 + 3*a**2 - 2*a + 2. What is the tens digit of o(3)?
5
What i